8172?
True
Is 5 a factor of 550?
True
Does 5 divide 58?
False
Is 33 a factor of 45804?
True
Does 127 divide 2032?
True
Is 3 a factor of 609?
True
Is 7380 a multiple of 20?
True
Is 152 even?
True
Is 775 a multiple of 25?
True
Does 38 divide 3317?
False
Is 32774 a multiple of 21?
False
Is 2420 a multiple of 121?
True
Does 16 divide 245?
False
Is 5 a factor of 592?
False
Is 22 a factor of 25283?
False
Is 84 a multiple of 6?
True
Is 19 a factor of 1463?
True
Is 1296 a multiple of 24?
True
Is 2430 a multiple of 58?
False
Is 34 a factor of 1845?
False
Is 2198 a multiple of 19?
False
Is 54 a factor of 1598?
False
Is 23 a factor of 323?
False
Is 3367 a multiple of 37?
True
Is 7 a factor of 6006?
True
Is 10150 a multiple of 25?
True
Is 6468 a multiple of 28?
True
Is 14167 a multiple of 7?
False
Is 10 a factor of 1140?
True
Does 27 divide 52272?
True
Is 643 a multiple of 12?
False
Is 78 a factor of 4524?
True
Is 54 a factor of 310?
False
Is 1326 a multiple of 39?
True
Is 95 a factor of 814?
False
Is 10211 a multiple of 60?
False
Is 16 a factor of 1916?
False
Does 15 divide 96?
False
Is 34069 a multiple of 34?
False
Is 71904 a multiple of 32?
True
Is 5 a factor of 1691?
False
Is 200 a factor of 2400?
True
Is 14 a factor of 112?
True
Is 1942 a multiple of 10?
False
Does 23 divide 2415?
True
Does 36 divide 576?
True
Is 242 a multiple of 22?
True
Is 2275 a multiple of 13?
True
Is 54 a factor of 17928?
True
Is 3068 a multiple of 26?
True
Is 22590 a multiple of 9?
True
Is 34452 a multiple of 11?
True
Does 8 divide 265?
False
Is 6080 a multiple of 11?
False
Does 21 divide 230?
False
Is 1327 a multiple of 6?
False
Is 1053 a multiple of 42?
False
Does 38 divide 35134?
False
Does 69 divide 3312?
True
Does 33 divide 8916?
False
Is 2782 a multiple of 107?
True
Does 28 divide 112?
True
Does 152 divide 9065?
False
Is 2316 a multiple of 4?
True
Is 5888 a multiple of 92?
True
Is 112 a factor of 14000?
True
Is 260 a multiple of 20?
True
Is 37 a factor of 407?
True
Is 6 a factor of 192?
True
Is 17 a factor of 250?
False
Is 6944 a multiple of 11?
False
Is 1938 a multiple of 17?
True
Is 48 a factor of 144?
True
Is 1394 a multiple of 17?
True
Does 6 divide 2268?
True
Is 1739 a multiple of 16?
False
Does 123 divide 8734?
False
Does 3 divide 177?
True
Is 5 a factor of 182?
False
Is 2700 a multiple of 45?
True
Is 38 a factor of 12705?
False
Is 15 a factor of 1035?
True
Is 28 a factor of 7616?
True
Is 2 a factor of 15952?
True
Does 25 divide 40650?
True
Is 2169 a multiple of 50?
False
Is 24 a multiple of 20?
False
Does 53 divide 2014?
True
Does 29 divide 2262?
True
Does 28 divide 21959?
False
Does 6 divide 2046?
True
Is 6313 a multiple of 18?
False
Is 31 a factor of 16523?
True
Is 13 a factor of 29308?
False
Is 22 a factor of 2046?
True
Is 67 a factor of 1742?
True
Is 47 a factor of 209?
False
Is 53 a multiple of 5?
False
Is 59 a factor of 58292?
True
Is 129 a factor of 8026?
False
Does 98 divide 7721?
False
Does 31 divide 1178?
True
Does 22 divide 1032?
False
Does 25 divide 1742?
False
Is 6046 a multiple of 73?
False
Is 53 a factor of 2305?
False
Is 8480 a multiple of 80?
True
Is 9 a factor of 1351?
False
Is 16 a factor of 947?
False
Is 66 a factor of 1709?
False
Is 12 a factor of 2064?
True
Is 538 a multiple of 45?
False
Does 19 divide 646?
True
Is 38 a factor of 4876?
False
Is 11 a factor of 9328?
True
Is 563 a multiple of 26?
False
Does 61 divide 5429?
True
Is 43 a factor of 1032?
True
Is 5960 a multiple of 65?
False
Does 11 divide 1727?
True
Does 21 divide 442?
False
Does 21 divide 3519?
False
Is 129 a factor of 8907?
False
Is 3872 a multiple of 22?
True
Is 1120 a multiple of 36?
False
Does 84 divide 1510?
False
Does 135 divide 41005?
False
Does 23 divide 46?
True
Is 11414 a multiple of 41?
False
Is 123 a factor of 8787?
False
Is 256 a multiple of 8?
True
Does 15 divide 3121?
False
Is 9 a factor of 4410?
True
Is 2409 a multiple of 5?
False
Is 11 a factor of 17039?
True
Does 16 divide 36322?
False
Does 4 divide 1496?
True
Does 164 divide 40680?
False
Does 3 divide 228?
True
Is 22 a factor of 506?
True
Is 150 a factor of 49966?
False
Is 11 a factor of 257?
False
Is 6 a factor of 1142?
False
Is 26928 a multiple of 99?
True
Is 156 a multiple of 9?
False
Does 3 divide 7820?
False
Does 51 divide 867?
True
Is 3329 a multiple of 2?
False
Does 198 divide 43164?
True
Is 128 a factor of 20721?
False
Does 19 divide 12369?
True
Does 63 divide 4004?
False
Does 20 divide 710?
False
Does 14 divide 1301?
False
Is 13 a factor of 295?
False
Is 11933 a multiple of 11?
False
Is 13208 a multiple of 13?
True
Is 30660 a multiple of 6?
True
Does 21 divide 19194?
True
Does 5 divide 220?
True
Does 37 divide 111?
True
Does 40 divide 2528?
False
Is 10250 a multiple of 82?
True
Is 14675 a multiple of 25?
True
Does 88 divide 17864?
True
Does 110 divide 11220?
True
Does 11 divide 25?
False
Is 12 a factor of 776?
False
Does 9 divide 5859?
True
Does 124 divide 22568?
True
Is 33 a factor of 31228?
False
Is 2080 a multiple of 26?
True
Does 13 divide 191?
False
Is 16 a factor of 212?
False
Is 16 a factor of 8739?
False
Does 57 divide 22287?
True
Does 70 divide 9093?
False
Is 22524 a multiple of 15?
False
Is 34 a factor of 1159?
False
Is 19 a factor of 817?
True
Is 396 a multiple of 33?
True
Is 2189 a multiple of 153?
False
Does 21 divide 14346?
False
Is 3 a factor of 120?
True
Is 3406 a multiple of 67?
False
Is 20 a factor of 2640?
True
Is 33 a factor of 2607?
True
Is 24 a factor of 1042?
False
Is 16 a factor of 1808?
True
Is 10 a factor of 5838?
False
Is 20 a factor of 60?
True
Is 66528 a multiple of 28?
True
Is 24856 a multiple of 8?
True
Is 827 a multiple of 34?
False
Is 82 a factor of 2788?
True
Is 42 a factor of 1344?
True
Is 154 a multiple of 7?
True
Is 58 a factor of 26273?
False
Is 3822 a multiple of 39?
True
Is 1663 a multiple of 54?
False
Is 40 a factor of 1396?
False
Is 28497 a multiple of 413?
True
Is 38051 a multiple of 178?
False
Is 214 a multiple of 23?
False
Is 38 a factor of 25042?
True
Does 24 divide 51591?
False
Is 1380 a multiple of 30?
True
Does 19 divide 3249?
True
Is 14575 a multiple of 16?
False
Is 15 a factor of 1662?
False
Does 11 divide 6303?
True
Is 25 a factor of 3337?
False
Does 72 divide 610?
False
Does 11 divide 21538?
True
Is 9604 a multiple of 49?
True
Is 64794 a multiple of 20?
False
Does 12 divide 416?
False
Is 599 even?
False
Is 52 a multiple of 3?
False
Does 32 divide 2375?
False
Is 21 a factor of 43341?
False
Is 45996 a multiple of 7?
False
Is 3704 a multiple of 28?
False
Does 82 divide 2378?
True
Does 59 divide 16687?
False
Is 79 a factor of 465?
False
Is 552 a multiple of 5?
False
Is 140 a multiple of 14?
True
Does 181 divide 12126?
False
Is 846 a multiple of 18?
True
Is 114 a multiple of 5?
False
Is 4799 a multiple of 7?
False
Is 159 a factor of 20511?
True
Is 17640 a multiple of 18?
True
Does 20 divide 698?
False
Is 25 a factor of 625?
True
Is 12 a factor of 6216?
True
Does 7 divide 798?
True
Is 49320 a multiple of 274?
True
Does 11 divide 244?
False
Is 132 a multiple of 22?
True
Does 98 divide 918?
False
Is 12 a factor of 264?
True
Does 11 divide 1694?
True
Is 17 a factor of 10251?
True
Does 17 divide 1140?
False
Is 1570 a multiple of 10?
True
Is 3264 a multiple of 57?
False
Is 84 a factor of 6216?
True
Is 31 a factor of 930?
True
Is 3198 a multiple of 6?
True
Does 42 divide 6930?
True
Does 15 divide 326?
False
Is 46 a factor of 2766?
False
Does 72 divide 46097?
False
Does 71 divide 6973?
False
Is 14 a factor of 826?
True
Does 74 divide 6572?
False
Is 53754 a multiple of 31?
True
Does 30 divide 870?
True
Is 1496 a multiple of 41?
False
Is 54202 a multiple of 358?
False
Is 19 a factor of 32?
False
Does 85 divide 2125?
True
Is 60 a multiple of 15?
True
Is 2300 a multiple of 92?
True
Is 36 a factor of 1791?
False
Does 6 divide 17663?
False
Does 8 divide 38424?
True
Does 9 divide 9793?
False
Is 4525 a multiple of 135?
False
Is 32 a factor of 1120?
True
Does 6 divide 71220?
True
Is 788 a multiple of 4?
True
Is 8586 a multiple of 18?
True
Is 186 a multiple of 11?
False
Does 9 divide 1674?
True
Is 10790 a multiple of 130?
True
Does 250 divide 18224?
False
Is 103891 a multiple of 73?
False
Is 1302 a multiple of 21?
True
Is 2986 a multiple of 16?
False
Does 58 divide 27